{"id":142,"date":"2025-01-01T13:40:08","date_gmt":"2025-01-01T12:40:08","guid":{"rendered":"http:\/\/zbonik.home.pl\/autoinstalator\/wordpressplugins2\/?page_id=142"},"modified":"2025-11-19T09:19:08","modified_gmt":"2025-11-19T08:19:08","slug":"o-nas","status":"publish","type":"page","link":"https:\/\/nowakamienica11.pl\/index.php\/o-nas\/","title":{"rendered":"O nas"},"content":{"rendered":"\n<div class=\"wp-block-group alignfull has-global-padding is-layout-constrained wp-container-core-group-is-layout-669513ed wp-block-group-is-layout-constrained\" style=\"margin-top:0;margin-bottom:0;padding-top:var(--wp--preset--spacing--50);padding-right:var(--wp--preset--spacing--50);padding-bottom:var(--wp--preset--spacing--50);padding-left:var(--wp--preset--spacing--50)\">\n<div class=\"wp-block-group is-vertical is-content-justification-center is-layout-flex wp-container-core-group-is-layout-ce155fab wp-block-group-is-layout-flex\">\n<h2 class=\"wp-block-heading has-text-align-center has-xx-large-font-size\">Oto i my\u2026<\/h2>\n\n\n\n<figure class=\"wp-block-image size-large\"><img loading=\"lazy\" decoding=\"async\" width=\"1024\" height=\"589\" src=\"https:\/\/nowakamienica11.pl\/wp-content\/uploads\/2025\/01\/DSC_0131_ok-1-1024x589.jpg\" alt=\"\" class=\"wp-image-669\" srcset=\"https:\/\/nowakamienica11.pl\/wp-content\/uploads\/2025\/01\/DSC_0131_ok-1-1024x589.jpg 1024w, https:\/\/nowakamienica11.pl\/wp-content\/uploads\/2025\/01\/DSC_0131_ok-1-300x173.jpg 300w, https:\/\/nowakamienica11.pl\/wp-content\/uploads\/2025\/01\/DSC_0131_ok-1-768x442.jpg 768w, https:\/\/nowakamienica11.pl\/wp-content\/uploads\/2025\/01\/DSC_0131_ok-1.jpg 1200w\" sizes=\"auto, (max-width: 1024px) 100vw, 1024px\" \/><\/figure>\n<\/div>\n\n\n\n<div class=\"wp-block-columns alignwide is-layout-flex wp-container-core-columns-is-layout-4935966c wp-block-columns-is-layout-flex\" style=\"padding-right:0;padding-left:0\">\n<div class=\"wp-block-column is-layout-flow wp-block-column-is-layout-flow\">\n<div class=\"wp-block-group is-vertical is-content-justification-center is-nowrap is-layout-flex wp-container-core-group-is-layout-63bfd6c1 wp-block-group-is-layout-flex\">\n<p class=\"has-text-align-center has-large-font-size\"><strong>Basia<\/strong><\/p>\n\n\n\n<p class=\"has-text-align-center has-medium-font-size\">Po 30 latach pracy w mi\u0119dzynarodowej firmie zapragn\u0119\u0142a ca\u0142kowicie zmieni\u0107 styl \u017cycia, porzuci\u0107 miasto i zbli\u017cy\u0107 si\u0119 do tego, co uwa\u017ca za naprawd\u0119 wa\u017cne: \u017cycie w zgodzie z natur\u0105. Dobrze czuje si\u0119 w otoczeniu przyrody, zwierz\u0105t i pozytywnych ludzi. Lubi pogrzeba\u0107 w ogrodzie, poczyta\u0107 i upichci\u0107 co\u015b dobrego. Kocha naturalne materia\u0142y, zainspirowana delikatnym runem alpak z pasj\u0105 <a href=\"https:\/\/nowakamienica11.pl\/index.php\/dzierganki\/\" data-type=\"page\" data-id=\"457\">dzierga czapki, chusty<\/a> itp. Od ponad trzech dekad wegetarianka. Zodiakalny Strzelec.<\/p>\n<\/div>\n<\/div>\n\n\n\n<div class=\"wp-block-column is-layout-flow wp-block-column-is-layout-flow\">\n<div class=\"wp-block-group is-vertical is-content-justification-center is-nowrap is-layout-flex wp-container-core-group-is-layout-21d4e958 wp-block-group-is-layout-flex\">\n<p class=\"has-text-align-center has-large-font-size\"><strong>Mirek<\/strong><\/p>\n\n\n\n<p class=\"has-text-align-center has-medium-font-size\">Z\u00a0zawodu aktor i DTP-owiec. Niespokojny duch. Zmienia\u0142 miejsca pracy i stanowiska. Nigdzie nie pracowa\u0142 d\u0142u\u017cej ni\u017c 2 lata. Urodzony nad morzem \u2013 uwielbia g\u00f3ry. Lubi poczyta\u0107 dobr\u0105 ksi\u0105\u017ck\u0119 i pomajsterkowa\u0107. Od 2014 roku ma licencj\u0119 na nadawanie.\u00a0Na falach kr\u00f3tkich wyst\u0119puje jako operator amatorskiej stacji radiowej <a href=\"https:\/\/nowakamienica11.pl\/index.php\/radiostacja\/\">SO6MZ<\/a> (wcze\u015bniej SO5HME). Wci\u0105\u017c nie nauczy\u0142 si\u0119 telegrafii. Zodiakalny Baran.<\/p>\n<\/div>\n<\/div>\n<\/div>\n<\/div>\n\n\n\n<div class=\"wp-block-group alignfull has-global-padding is-layout-constrained wp-container-core-group-is-layout-d89aad35 wp-block-group-is-layout-constrained\" style=\"margin-top:0;margin-bottom:0;padding-top:var(--wp--preset--spacing--50);padding-right:var(--wp--preset--spacing--50);padding-bottom:var(--wp--preset--spacing--50);padding-left:var(--wp--preset--spacing--50)\">\n<div class=\"wp-block-group alignwide has-base-2-background-color has-background is-layout-flow wp-block-group-is-layout-flow\" style=\"border-radius:16px;padding-top:var(--wp--preset--spacing--50);padding-right:var(--wp--preset--spacing--50);padding-bottom:var(--wp--preset--spacing--50);padding-left:var(--wp--preset--spacing--50)\">\n<p class=\"has-text-align-center has-large-font-size\">A to nasze zwierzaki:)<\/p>\n\n\n\n<p class=\"has-text-align-left\"><strong>Zula<\/strong> \u2013 kocica z charakterem. W domu lubi dobrze zje\u015b\u0107, pospa\u0107 i podda\u0107 si\u0119 pieszczotom. Poza domem zamienia si\u0119 w pogromc\u0119 ma\u0142ych gryzoni.<\/p>\n\n\n\n<p class=\"has-text-align-left\"><strong>Salma<\/strong> \u2013 suczka z tajemnicz\u0105 przesz\u0142o\u015bci\u0105, energetyczna i rozbiegana. Jej pasja to tropienie, w\u0119szenie i polowanie na\u2026 spuszczone z oka jedzenie. Troch\u0119 boi si\u0119 obcych, zw\u0142aszcza pan\u00f3w.<\/p>\n\n\n\n<p class=\"has-text-align-left\"><strong>Fryc, Filip, Dudek<\/strong> \u2013 ch\u0142opaki alpaki rasy suri: Fryc (odwa\u017cny, \u0142akomy i ch\u0119tny do g\u0142askania), Filipek (ciekawski i rezolutny) oraz Dudu\u015b (uroczy i troch\u0119 nie\u015bmia\u0142y).<\/p>\n\n\n\n<div style=\"height:var(--wp--preset--spacing--10)\" aria-hidden=\"true\" class=\"wp-block-spacer\"><\/div>\n\n\n\n<div class=\"wp-block-group alignwide is-content-justification-center is-layout-flex wp-container-core-group-is-layout-f95ffa09 wp-block-group-is-layout-flex\" style=\"padding-top:0;padding-right:0;padding-bottom:0;padding-left:0\">\n<figure class=\"wp-block-image size-full is-resized\"><img loading=\"lazy\" decoding=\"async\" width=\"600\" height=\"600\" src=\"http:\/\/zbonik.home.pl\/autoinstalator\/wordpressplugins2\/wp-content\/uploads\/2024\/12\/zula_600x600.jpg\" alt=\"\" class=\"wp-image-40\" style=\"aspect-ratio:4\/3;object-fit:contain;width:190px\" srcset=\"https:\/\/nowakamienica11.pl\/wp-content\/uploads\/2024\/12\/zula_600x600.jpg 600w, https:\/\/nowakamienica11.pl\/wp-content\/uploads\/2024\/12\/zula_600x600-300x300.jpg 300w, https:\/\/nowakamienica11.pl\/wp-content\/uploads\/2024\/12\/zula_600x600-150x150.jpg 150w\" sizes=\"auto, (max-width: 600px) 100vw, 600px\" \/><\/figure>\n\n\n\n<figure class=\"wp-block-image size-full is-resized\"><img loading=\"lazy\" decoding=\"async\" width=\"800\" height=\"800\" src=\"http:\/\/zbonik.home.pl\/autoinstalator\/wordpressplugins2\/wp-content\/uploads\/2025\/01\/salma.jpg\" alt=\"\" class=\"wp-image-145\" style=\"aspect-ratio:4\/3;object-fit:contain;width:190px\" srcset=\"https:\/\/nowakamienica11.pl\/wp-content\/uploads\/2025\/01\/salma.jpg 800w, https:\/\/nowakamienica11.pl\/wp-content\/uploads\/2025\/01\/salma-300x300.jpg 300w, https:\/\/nowakamienica11.pl\/wp-content\/uploads\/2025\/01\/salma-150x150.jpg 150w, https:\/\/nowakamienica11.pl\/wp-content\/uploads\/2025\/01\/salma-768x768.jpg 768w\" sizes=\"auto, (max-width: 800px) 100vw, 800px\" \/><\/figure>\n\n\n\n<figure class=\"wp-block-image size-full is-resized\"><img loading=\"lazy\" decoding=\"async\" width=\"800\" height=\"800\" src=\"http:\/\/zbonik.home.pl\/autoinstalator\/wordpressplugins2\/wp-content\/uploads\/2025\/01\/fryc_portret800.jpg\" alt=\"\" class=\"wp-image-146\" style=\"aspect-ratio:4\/3;object-fit:contain;width:190px\" srcset=\"https:\/\/nowakamienica11.pl\/wp-content\/uploads\/2025\/01\/fryc_portret800.jpg 800w, https:\/\/nowakamienica11.pl\/wp-content\/uploads\/2025\/01\/fryc_portret800-300x300.jpg 300w, https:\/\/nowakamienica11.pl\/wp-content\/uploads\/2025\/01\/fryc_portret800-150x150.jpg 150w, https:\/\/nowakamienica11.pl\/wp-content\/uploads\/2025\/01\/fryc_portret800-768x768.jpg 768w\" sizes=\"auto, (max-width: 800px) 100vw, 800px\" \/><\/figure>\n\n\n\n<figure class=\"wp-block-image size-full is-resized\"><img loading=\"lazy\" decoding=\"async\" width=\"800\" height=\"800\" src=\"http:\/\/zbonik.home.pl\/autoinstalator\/wordpressplugins2\/wp-content\/uploads\/2025\/01\/filip_portret800.jpg\" alt=\"\" class=\"wp-image-147\" style=\"aspect-ratio:4\/3;object-fit:contain;width:190px\" srcset=\"https:\/\/nowakamienica11.pl\/wp-content\/uploads\/2025\/01\/filip_portret800.jpg 800w, https:\/\/nowakamienica11.pl\/wp-content\/uploads\/2025\/01\/filip_portret800-300x300.jpg 300w, https:\/\/nowakamienica11.pl\/wp-content\/uploads\/2025\/01\/filip_portret800-150x150.jpg 150w, https:\/\/nowakamienica11.pl\/wp-content\/uploads\/2025\/01\/filip_portret800-768x768.jpg 768w\" sizes=\"auto, (max-width: 800px) 100vw, 800px\" \/><\/figure>\n\n\n\n<figure class=\"wp-block-image size-full is-resized\"><img loading=\"lazy\" decoding=\"async\" width=\"800\" height=\"800\" src=\"http:\/\/zbonik.home.pl\/autoinstalator\/wordpressplugins2\/wp-content\/uploads\/2025\/01\/dudek_portret800.jpg\" alt=\"\" class=\"wp-image-148\" style=\"aspect-ratio:4\/3;object-fit:contain;width:190px\" srcset=\"https:\/\/nowakamienica11.pl\/wp-content\/uploads\/2025\/01\/dudek_portret800.jpg 800w, https:\/\/nowakamienica11.pl\/wp-content\/uploads\/2025\/01\/dudek_portret800-300x300.jpg 300w, https:\/\/nowakamienica11.pl\/wp-content\/uploads\/2025\/01\/dudek_portret800-150x150.jpg 150w, https:\/\/nowakamienica11.pl\/wp-content\/uploads\/2025\/01\/dudek_portret800-768x768.jpg 768w\" sizes=\"auto, (max-width: 800px) 100vw, 800px\" \/><\/figure>\n<\/div>\n<\/div>\n<\/div>\n","protected":false},"excerpt":{"rendered":"<p>Oto i my\u2026 Basia Po 30 latach pracy w mi\u0119dzynarodowej firmie zapragn\u0119\u0142a ca\u0142kowicie zmieni\u0107 styl \u017cycia, porzuci\u0107 miasto i zbli\u017cy\u0107 si\u0119 do tego, co uwa\u017ca za naprawd\u0119 wa\u017cne: \u017cycie w zgodzie z natur\u0105. Dobrze czuje si\u0119 w otoczeniu przyrody, zwierz\u0105t i pozytywnych ludzi. Lubi pogrzeba\u0107 w ogrodzie, poczyta\u0107 i upichci\u0107 co\u015b dobrego. Kocha naturalne materia\u0142y, [&hellip;]<\/p>\n","protected":false},"author":1,"featured_media":0,"parent":0,"menu_order":0,"comment_status":"closed","ping_status":"closed","template":"","meta":{"footnotes":""},"class_list":["post-142","page","type-page","status-publish","hentry"],"_links":{"self":[{"href":"https:\/\/nowakamienica11.pl\/index.php\/wp-json\/wp\/v2\/pages\/142","targetHints":{"allow":["GET"]}}],"collection":[{"href":"https:\/\/nowakamienica11.pl\/index.php\/wp-json\/wp\/v2\/pages"}],"about":[{"href":"https:\/\/nowakamienica11.pl\/index.php\/wp-json\/wp\/v2\/types\/page"}],"author":[{"embeddable":true,"href":"https:\/\/nowakamienica11.pl\/index.php\/wp-json\/wp\/v2\/users\/1"}],"replies":[{"embeddable":true,"href":"https:\/\/nowakamienica11.pl\/index.php\/wp-json\/wp\/v2\/comments?post=142"}],"version-history":[{"count":20,"href":"https:\/\/nowakamienica11.pl\/index.php\/wp-json\/wp\/v2\/pages\/142\/revisions"}],"predecessor-version":[{"id":1034,"href":"https:\/\/nowakamienica11.pl\/index.php\/wp-json\/wp\/v2\/pages\/142\/revisions\/1034"}],"wp:attachment":[{"href":"https:\/\/nowakamienica11.pl\/index.php\/wp-json\/wp\/v2\/media?parent=142"}],"curies":[{"name":"wp","href":"https:\/\/api.w.org\/{rel}","templated":true}]}}