{"id":135,"date":"2025-01-01T13:28:29","date_gmt":"2025-01-01T12:28:29","guid":{"rendered":"http:\/\/zbonik.home.pl\/autoinstalator\/wordpressplugins2\/?page_id=135"},"modified":"2025-01-01T18:51:02","modified_gmt":"2025-01-01T17:51:02","slug":"dom-2","status":"publish","type":"page","link":"https:\/\/nowakamienica11.pl\/index.php\/dom-2\/","title":{"rendered":"Dom"},"content":{"rendered":"\n<div class=\"wp-block-group alignfull has-global-padding is-layout-constrained wp-container-core-group-is-layout-f9e43628 wp-block-group-is-layout-constrained\" style=\"margin-top:0;margin-bottom:0;padding-top:var(--wp--preset--spacing--50);padding-right:var(--wp--preset--spacing--50);padding-bottom:var(--wp--preset--spacing--50);padding-left:var(--wp--preset--spacing--50)\">\n<h2 class=\"wp-block-heading\">Dom go\u015bcinny na Pog\u00f3rzu Izerskim<\/h2>\n\n\n\n<p>Zapraszamy Ci\u0119 do naszego miejsca na ziemi. Znajdziesz tu cisz\u0119, odetchniesz od miasta, poczytasz wreszcie ksi\u0105\u017ck\u0119, pospacerujesz po lesie, przysi\u0105dziesz w cieniu drzew naszego sadu\u2026<\/p>\n<\/div>\n\n\n<div  id=\"jtg-249\" class=\"modula modula-gallery modula-columns\" data-config=\"{&quot;tabletHeight&quot;:800,&quot;mobileHeight&quot;:800,&quot;desktopHeight&quot;:800,&quot;enableTwitter&quot;:false,&quot;enableWhatsapp&quot;:false,&quot;enableFacebook&quot;:false,&quot;enablePinterest&quot;:false,&quot;enableLinkedin&quot;:false,&quot;enableEmail&quot;:false,&quot;randomFactor&quot;:0.5,&quot;type&quot;:&quot;grid&quot;,&quot;columns&quot;:12,&quot;gutter&quot;:10,&quot;mobileGutter&quot;:10,&quot;tabletGutter&quot;:10,&quot;desktopGutter&quot;:10,&quot;enableResponsive&quot;:&quot;0&quot;,&quot;tabletColumns&quot;:2,&quot;mobileColumns&quot;:1,&quot;lazyLoad&quot;:0,&quot;lightboxOpts&quot;:{&quot;animated&quot;:true,&quot;Thumbs&quot;:{&quot;type&quot;:&quot;modern&quot;,&quot;showOnStart&quot;:false},&quot;Toolbar&quot;:{&quot;display&quot;:{&quot;right&quot;:[&quot;close&quot;]},&quot;enabled&quot;:true},&quot;Carousel&quot;:{&quot;Panzoom&quot;:{&quot;touch&quot;:true},&quot;infinite&quot;:false},&quot;keyboard&quot;:{&quot;Escape&quot;:&quot;close&quot;,&quot;Delete&quot;:&quot;close&quot;,&quot;Backspace&quot;:&quot;close&quot;,&quot;PageUp&quot;:false,&quot;PageDown&quot;:false,&quot;ArrowUp&quot;:false,&quot;ArrowDown&quot;:false,&quot;ArrowRight&quot;:false,&quot;ArrowLeft&quot;:false},&quot;touch&quot;:false,&quot;backdropClick&quot;:false,&quot;l10n&quot;:{&quot;CLOSE&quot;:&quot;Zamknij&quot;,&quot;NEXT&quot;:&quot;Nast\\u0119pny&quot;,&quot;PREV&quot;:&quot;Poprzedni&quot;,&quot;Error&quot;:&quot;Nie mo\\u017cna wczyta\\u0107 \\u017c\\u0105danej tre\\u015bci. Spr\\u00f3buj ponownie p\\u00f3\\u017aniej.&quot;,&quot;PLAY_START&quot;:&quot;Rozpocznij pokaz slajd\\u00f3w&quot;,&quot;PLAY_STOP&quot;:&quot;Zatrzymaj pokaz slajd\\u00f3w&quot;,&quot;FULL_SCREEN&quot;:&quot;Pe\\u0142ny ekran&quot;,&quot;THUMBS&quot;:&quot;Miniaturki&quot;,&quot;DOWNLOAD&quot;:&quot;Pobieranie&quot;,&quot;SHARE&quot;:&quot;Udost\\u0119pnij&quot;,&quot;ZOOM&quot;:&quot;Powi\\u0119kszenie&quot;,&quot;EMAIL&quot;:&quot;Here is the link to the image : %%image_link%% and this is the link to the gallery : %%gallery_link%%&quot;,&quot;MODAL&quot;:&quot;Mo\\u017cesz zamkn\\u0105\\u0107 t\\u0119 zawarto\\u015b\\u0107 okna modalnego za pomoc\\u0105 klawisza ESC&quot;,&quot;ERROR&quot;:&quot;Co\\u015b posz\\u0142o nie tak. Spr\\u00f3buj ponownie p\\u00f3\\u017aniej&quot;,&quot;IMAGE_ERROR&quot;:&quot;Nie znaleziono obrazka&quot;,&quot;ELEMENT_NOT_FOUND&quot;:&quot;Nie znaleziono elementu HTML&quot;,&quot;AJAX_NOT_FOUND&quot;:&quot;B\\u0142\\u0105d wczytywania AJAX: Nie znaleziono&quot;,&quot;AJAX_FORBIDDEN&quot;:&quot;B\\u0142\\u0105d wczytywania AJAX: Zabronione&quot;,&quot;IFRAME_ERROR&quot;:&quot;B\\u0142\\u0105d wczytywania strony&quot;,&quot;TOGGLE_ZOOM&quot;:&quot;Prze\\u0142\\u0105cz poziom powi\\u0119kszenia&quot;,&quot;TOGGLE_THUMBS&quot;:&quot;Prze\\u0142\\u0105cz miniaturki&quot;,&quot;TOGGLE_SLIDESHOW&quot;:&quot;Prze\\u0142\\u0105cz pokaz slajd\\u00f3w&quot;,&quot;TOGGLE_FULLSCREEN&quot;:&quot;Prze\\u0142\\u0105cz tryb pe\\u0142noekranowy&quot;},&quot;Images&quot;:{&quot;Panzoom&quot;:{&quot;maxScale&quot;:2}},&quot;mainClass&quot;:&quot;modula-fancybox-container modula-lightbox-jtg-249&quot;,&quot;Html&quot;:{&quot;videoAutoplay&quot;:0,&quot;videoTpl&quot;:&quot;&lt;video class=\\&quot;fancybox__html5video\\&quot; controls muted playsinline controlsList controlsList=\\&quot;nodownload\\&quot; poster=\\&quot;{{poster}}\\&quot; src=\\&quot;{{src}}\\&quot; type=\\&quot;{{format}}\\&quot; &gt;  Sorry, your browser doesn&#039;t support embedded videos, &lt;a href=\\&quot;{{src}}\\&quot;&gt; download &lt;\\\/a&gt; and watch with your favorite video player! &lt;\\\/video&gt;&quot;}},&quot;inView&quot;:false,&quot;email_subject&quot;:&quot;Sprawd\\u017a ten niesamowity obrazek!&quot;,&quot;email_message&quot;:&quot;Oto odno\\u015bnik do obrazku: %%image_link%%, a to odno\\u015bnik do galerii: %%gallery_link%%&quot;,&quot;grid_type&quot;:&quot;automatic&quot;,&quot;rowHeight&quot;:250,&quot;lastRow&quot;:&quot;justify&quot;,&quot;lightbox&quot;:&quot;fancybox&quot;}\">\n\n\t\n\t<div  class=\"modula-items grid-gallery\">\n\t\t<div class=\"modula-item effect-pufrobo\" >\n\t<div class=\"modula-item-overlay\"><\/div>\n\n\t<div class=\"modula-item-content\">\n\n\t\t<a data-image-id=\"62\" role=\"button\" tabindex=\"0\" rel=\"jtg-249\" data-caption=\"\" aria-label=\"Otw\u00f3rz obrazek w lightboxie\" class=\"tile-inner modula-item-link\"><\/a><img loading=\"lazy\" decoding=\"async\" class=\"pic wp-image-62\"  data-valign=\"middle\" data-halign=\"center\" alt=\"\" data-full=\"https:\/\/nowakamienica11.pl\/wp-content\/uploads\/2024\/12\/Startowa.jpg\" title=\"Startowa\" crop=\"\" width=\"1024\" height=\"576\" src=\"https:\/\/nowakamienica11.pl\/wp-content\/uploads\/2024\/12\/Startowa-1024x576.jpg\" data-src=\"https:\/\/nowakamienica11.pl\/wp-content\/uploads\/2024\/12\/Startowa-1024x576.jpg\" data-caption=\"\" srcset=\"https:\/\/nowakamienica11.pl\/wp-content\/uploads\/2024\/12\/Startowa.jpg 1447w, https:\/\/nowakamienica11.pl\/wp-content\/uploads\/2024\/12\/Startowa-300x169.jpg 300w, https:\/\/nowakamienica11.pl\/wp-content\/uploads\/2024\/12\/Startowa-1024x576.jpg 1024w, https:\/\/nowakamienica11.pl\/wp-content\/uploads\/2024\/12\/Startowa-768x432.jpg 768w\" sizes=\"auto, (max-width: 1024px) 100vw, 1024px\" \/>\n\t\t<div class=\"figc no-description\">\n\t\t\t<div class=\"figc-inner\">\n\t\t\t\t\t\t\t\t\t\t\t\t\t\t\t<\/div>\n\t\t<\/div>\n\n\t<\/div>\n\n<\/div><div class=\"modula-item effect-pufrobo\" >\n\t<div class=\"modula-item-overlay\"><\/div>\n\n\t<div class=\"modula-item-content\">\n\n\t\t<a data-image-id=\"192\" role=\"button\" tabindex=\"0\" rel=\"jtg-249\" data-caption=\"\" aria-label=\"Otw\u00f3rz obrazek w lightboxie\" class=\"tile-inner modula-item-link\"><\/a><img loading=\"lazy\" decoding=\"async\" class=\"pic wp-image-192\"  data-valign=\"middle\" data-halign=\"center\" alt=\"\" data-full=\"https:\/\/nowakamienica11.pl\/wp-content\/uploads\/2025\/01\/zima.jpg\" title=\"zima\" crop=\"\" width=\"1024\" height=\"768\" src=\"https:\/\/nowakamienica11.pl\/wp-content\/uploads\/2025\/01\/zima-1024x768.jpg\" data-src=\"https:\/\/nowakamienica11.pl\/wp-content\/uploads\/2025\/01\/zima-1024x768.jpg\" data-caption=\"\" srcset=\"https:\/\/nowakamienica11.pl\/wp-content\/uploads\/2025\/01\/zima.jpg 1208w, https:\/\/nowakamienica11.pl\/wp-content\/uploads\/2025\/01\/zima-300x225.jpg 300w, https:\/\/nowakamienica11.pl\/wp-content\/uploads\/2025\/01\/zima-1024x768.jpg 1024w, https:\/\/nowakamienica11.pl\/wp-content\/uploads\/2025\/01\/zima-768x576.jpg 768w\" sizes=\"auto, (max-width: 1024px) 100vw, 1024px\" \/>\n\t\t<div class=\"figc no-description\">\n\t\t\t<div class=\"figc-inner\">\n\t\t\t\t\t\t\t\t\t\t\t\t\t\t\t<\/div>\n\t\t<\/div>\n\n\t<\/div>\n\n<\/div><div class=\"modula-item effect-pufrobo\" >\n\t<div class=\"modula-item-overlay\"><\/div>\n\n\t<div class=\"modula-item-content\">\n\n\t\t<a data-image-id=\"193\" role=\"button\" tabindex=\"0\" rel=\"jtg-249\" data-caption=\"\" aria-label=\"Otw\u00f3rz obrazek w lightboxie\" class=\"tile-inner modula-item-link\"><\/a><img loading=\"lazy\" decoding=\"async\" class=\"pic wp-image-193\"  data-valign=\"middle\" data-halign=\"center\" alt=\"\" data-full=\"https:\/\/nowakamienica11.pl\/wp-content\/uploads\/2025\/01\/IMG_1179.jpg\" title=\"IMG_1179\" crop=\"\" width=\"1024\" height=\"768\" src=\"https:\/\/nowakamienica11.pl\/wp-content\/uploads\/2025\/01\/IMG_1179-1024x768.jpg\" data-src=\"https:\/\/nowakamienica11.pl\/wp-content\/uploads\/2025\/01\/IMG_1179-1024x768.jpg\" data-caption=\"\" srcset=\"https:\/\/nowakamienica11.pl\/wp-content\/uploads\/2025\/01\/IMG_1179.jpg 2016w, https:\/\/nowakamienica11.pl\/wp-content\/uploads\/2025\/01\/IMG_1179-300x225.jpg 300w, https:\/\/nowakamienica11.pl\/wp-content\/uploads\/2025\/01\/IMG_1179-1024x768.jpg 1024w, https:\/\/nowakamienica11.pl\/wp-content\/uploads\/2025\/01\/IMG_1179-768x576.jpg 768w, https:\/\/nowakamienica11.pl\/wp-content\/uploads\/2025\/01\/IMG_1179-1536x1152.jpg 1536w\" sizes=\"auto, (max-width: 1024px) 100vw, 1024px\" \/>\n\t\t<div class=\"figc no-description\">\n\t\t\t<div class=\"figc-inner\">\n\t\t\t\t\t\t\t\t\t\t\t\t\t\t\t<\/div>\n\t\t<\/div>\n\n\t<\/div>\n\n<\/div><div class=\"modula-item effect-pufrobo\" >\n\t<div class=\"modula-item-overlay\"><\/div>\n\n\t<div class=\"modula-item-content\">\n\n\t\t<a data-image-id=\"188\" role=\"button\" tabindex=\"0\" rel=\"jtg-249\" data-caption=\"\" aria-label=\"Otw\u00f3rz obrazek w lightboxie\" class=\"tile-inner modula-item-link\"><\/a><img loading=\"lazy\" decoding=\"async\" class=\"pic wp-image-188\"  data-valign=\"middle\" data-halign=\"center\" alt=\"\" data-full=\"https:\/\/nowakamienica11.pl\/wp-content\/uploads\/2025\/01\/IMG_2757.jpg\" title=\"IMG_2757\" crop=\"\" width=\"1024\" height=\"768\" src=\"https:\/\/nowakamienica11.pl\/wp-content\/uploads\/2025\/01\/IMG_2757-1024x768.jpg\" data-src=\"https:\/\/nowakamienica11.pl\/wp-content\/uploads\/2025\/01\/IMG_2757-1024x768.jpg\" data-caption=\"\" srcset=\"https:\/\/nowakamienica11.pl\/wp-content\/uploads\/2025\/01\/IMG_2757.jpg 2016w, https:\/\/nowakamienica11.pl\/wp-content\/uploads\/2025\/01\/IMG_2757-300x225.jpg 300w, https:\/\/nowakamienica11.pl\/wp-content\/uploads\/2025\/01\/IMG_2757-1024x768.jpg 1024w, https:\/\/nowakamienica11.pl\/wp-content\/uploads\/2025\/01\/IMG_2757-768x576.jpg 768w, https:\/\/nowakamienica11.pl\/wp-content\/uploads\/2025\/01\/IMG_2757-1536x1152.jpg 1536w\" sizes=\"auto, (max-width: 1024px) 100vw, 1024px\" \/>\n\t\t<div class=\"figc no-description\">\n\t\t\t<div class=\"figc-inner\">\n\t\t\t\t\t\t\t\t\t\t\t\t\t\t\t<\/div>\n\t\t<\/div>\n\n\t<\/div>\n\n<\/div><div class=\"modula-item effect-pufrobo\" >\n\t<div class=\"modula-item-overlay\"><\/div>\n\n\t<div class=\"modula-item-content\">\n\n\t\t<a data-image-id=\"237\" role=\"button\" tabindex=\"0\" rel=\"jtg-249\" data-caption=\"\" aria-label=\"Otw\u00f3rz obrazek w lightboxie\" class=\"tile-inner modula-item-link\"><\/a><img loading=\"lazy\" decoding=\"async\" class=\"pic wp-image-237\"  data-valign=\"middle\" data-halign=\"center\" alt=\"\" data-full=\"https:\/\/nowakamienica11.pl\/wp-content\/uploads\/2025\/01\/n_DSC0838.jpg\" title=\"n_DSC0838\" crop=\"\" width=\"1024\" height=\"629\" src=\"https:\/\/nowakamienica11.pl\/wp-content\/uploads\/2025\/01\/n_DSC0838-1024x629.jpg\" data-src=\"https:\/\/nowakamienica11.pl\/wp-content\/uploads\/2025\/01\/n_DSC0838-1024x629.jpg\" data-caption=\"\" srcset=\"https:\/\/nowakamienica11.pl\/wp-content\/uploads\/2025\/01\/n_DSC0838.jpg 2000w, https:\/\/nowakamienica11.pl\/wp-content\/uploads\/2025\/01\/n_DSC0838-300x184.jpg 300w, https:\/\/nowakamienica11.pl\/wp-content\/uploads\/2025\/01\/n_DSC0838-1024x629.jpg 1024w, https:\/\/nowakamienica11.pl\/wp-content\/uploads\/2025\/01\/n_DSC0838-768x472.jpg 768w, https:\/\/nowakamienica11.pl\/wp-content\/uploads\/2025\/01\/n_DSC0838-1536x944.jpg 1536w\" sizes=\"auto, (max-width: 1024px) 100vw, 1024px\" \/>\n\t\t<div class=\"figc no-description\">\n\t\t\t<div class=\"figc-inner\">\n\t\t\t\t\t\t\t\t\t\t\t\t\t\t\t<\/div>\n\t\t<\/div>\n\n\t<\/div>\n\n<\/div><div class=\"modula-item effect-pufrobo\" >\n\t<div class=\"modula-item-overlay\"><\/div>\n\n\t<div class=\"modula-item-content\">\n\n\t\t<a data-image-id=\"241\" role=\"button\" tabindex=\"0\" rel=\"jtg-249\" data-caption=\"\" aria-label=\"Otw\u00f3rz obrazek w lightboxie\" class=\"tile-inner modula-item-link\"><\/a><img loading=\"lazy\" decoding=\"async\" class=\"pic wp-image-241\"  data-valign=\"middle\" data-halign=\"center\" alt=\"\" data-full=\"https:\/\/nowakamienica11.pl\/wp-content\/uploads\/2025\/01\/n_DSC0834.jpg\" title=\"n_DSC0834\" crop=\"\" width=\"1024\" height=\"682\" src=\"https:\/\/nowakamienica11.pl\/wp-content\/uploads\/2025\/01\/n_DSC0834-1024x682.jpg\" data-src=\"https:\/\/nowakamienica11.pl\/wp-content\/uploads\/2025\/01\/n_DSC0834-1024x682.jpg\" data-caption=\"\" srcset=\"https:\/\/nowakamienica11.pl\/wp-content\/uploads\/2025\/01\/n_DSC0834.jpg 2000w, https:\/\/nowakamienica11.pl\/wp-content\/uploads\/2025\/01\/n_DSC0834-300x200.jpg 300w, https:\/\/nowakamienica11.pl\/wp-content\/uploads\/2025\/01\/n_DSC0834-1024x682.jpg 1024w, https:\/\/nowakamienica11.pl\/wp-content\/uploads\/2025\/01\/n_DSC0834-768x512.jpg 768w, https:\/\/nowakamienica11.pl\/wp-content\/uploads\/2025\/01\/n_DSC0834-1536x1024.jpg 1536w\" sizes=\"auto, (max-width: 1024px) 100vw, 1024px\" \/>\n\t\t<div class=\"figc no-description\">\n\t\t\t<div class=\"figc-inner\">\n\t\t\t\t\t\t\t\t\t\t\t\t\t\t\t<\/div>\n\t\t<\/div>\n\n\t<\/div>\n\n<\/div><div class=\"modula-item effect-pufrobo\" >\n\t<div class=\"modula-item-overlay\"><\/div>\n\n\t<div class=\"modula-item-content\">\n\n\t\t<a data-image-id=\"191\" role=\"button\" tabindex=\"0\" rel=\"jtg-249\" data-caption=\"\" aria-label=\"Otw\u00f3rz obrazek w lightboxie\" class=\"tile-inner modula-item-link\"><\/a><img loading=\"lazy\" decoding=\"async\" class=\"pic wp-image-191\"  data-valign=\"middle\" data-halign=\"center\" alt=\"\" data-full=\"https:\/\/nowakamienica11.pl\/wp-content\/uploads\/2025\/01\/IMG_3030.jpg\" title=\"IMG_3030\" crop=\"\" width=\"768\" height=\"1024\" src=\"https:\/\/nowakamienica11.pl\/wp-content\/uploads\/2025\/01\/IMG_3030-768x1024.jpg\" data-src=\"https:\/\/nowakamienica11.pl\/wp-content\/uploads\/2025\/01\/IMG_3030-768x1024.jpg\" data-caption=\"\" srcset=\"https:\/\/nowakamienica11.pl\/wp-content\/uploads\/2025\/01\/IMG_3030-rotated.jpg 1512w, https:\/\/nowakamienica11.pl\/wp-content\/uploads\/2025\/01\/IMG_3030-225x300.jpg 225w, https:\/\/nowakamienica11.pl\/wp-content\/uploads\/2025\/01\/IMG_3030-rotated-768x1024.jpg 768w, https:\/\/nowakamienica11.pl\/wp-content\/uploads\/2025\/01\/IMG_3030-1152x1536.jpg 1152w\" sizes=\"auto, (max-width: 768px) 100vw, 768px\" \/>\n\t\t<div class=\"figc no-description\">\n\t\t\t<div class=\"figc-inner\">\n\t\t\t\t\t\t\t\t\t\t\t\t\t\t\t<\/div>\n\t\t<\/div>\n\n\t<\/div>\n\n<\/div><div class=\"modula-item effect-pufrobo\" >\n\t<div class=\"modula-item-overlay\"><\/div>\n\n\t<div class=\"modula-item-content\">\n\n\t\t<a data-image-id=\"734\" role=\"button\" tabindex=\"0\" rel=\"jtg-249\" data-caption=\"\" aria-label=\"Otw\u00f3rz obrazek w lightboxie\" class=\"tile-inner modula-item-link\"><\/a><img loading=\"lazy\" decoding=\"async\" class=\"pic wp-image-734\"  data-valign=\"middle\" data-halign=\"center\" alt=\"\" data-full=\"https:\/\/nowakamienica11.pl\/wp-content\/uploads\/2025\/01\/sad.jpg\" title=\"sad\" crop=\"\" width=\"1000\" height=\"750\" src=\"https:\/\/nowakamienica11.pl\/wp-content\/uploads\/2025\/01\/sad.jpg\" data-src=\"https:\/\/nowakamienica11.pl\/wp-content\/uploads\/2025\/01\/sad.jpg\" data-caption=\"\" srcset=\"https:\/\/nowakamienica11.pl\/wp-content\/uploads\/2025\/01\/sad.jpg 1000w, https:\/\/nowakamienica11.pl\/wp-content\/uploads\/2025\/01\/sad-300x225.jpg 300w, https:\/\/nowakamienica11.pl\/wp-content\/uploads\/2025\/01\/sad-768x576.jpg 768w\" sizes=\"auto, (max-width: 1000px) 100vw, 1000px\" \/>\n\t\t<div class=\"figc no-description\">\n\t\t\t<div class=\"figc-inner\">\n\t\t\t\t\t\t\t\t\t\t\t\t\t\t\t<\/div>\n\t\t<\/div>\n\n\t<\/div>\n\n<\/div><div class=\"modula-item effect-pufrobo\" >\n\t<div class=\"modula-item-overlay\"><\/div>\n\n\t<div class=\"modula-item-content\">\n\n\t\t<a data-image-id=\"190\" role=\"button\" tabindex=\"0\" rel=\"jtg-249\" data-caption=\"\" aria-label=\"Otw\u00f3rz obrazek w lightboxie\" class=\"tile-inner modula-item-link\"><\/a><img loading=\"lazy\" decoding=\"async\" class=\"pic wp-image-190\"  data-valign=\"middle\" data-halign=\"center\" alt=\"\" data-full=\"https:\/\/nowakamienica11.pl\/wp-content\/uploads\/2025\/01\/IMG_3027.jpg\" title=\"IMG_3027\" crop=\"\" width=\"1024\" height=\"768\" src=\"https:\/\/nowakamienica11.pl\/wp-content\/uploads\/2025\/01\/IMG_3027-1024x768.jpg\" data-src=\"https:\/\/nowakamienica11.pl\/wp-content\/uploads\/2025\/01\/IMG_3027-1024x768.jpg\" data-caption=\"\" srcset=\"https:\/\/nowakamienica11.pl\/wp-content\/uploads\/2025\/01\/IMG_3027.jpg 2016w, https:\/\/nowakamienica11.pl\/wp-content\/uploads\/2025\/01\/IMG_3027-300x225.jpg 300w, https:\/\/nowakamienica11.pl\/wp-content\/uploads\/2025\/01\/IMG_3027-1024x768.jpg 1024w, https:\/\/nowakamienica11.pl\/wp-content\/uploads\/2025\/01\/IMG_3027-768x576.jpg 768w, https:\/\/nowakamienica11.pl\/wp-content\/uploads\/2025\/01\/IMG_3027-1536x1152.jpg 1536w\" sizes=\"auto, (max-width: 1024px) 100vw, 1024px\" \/>\n\t\t<div class=\"figc no-description\">\n\t\t\t<div class=\"figc-inner\">\n\t\t\t\t\t\t\t\t\t\t\t\t\t\t\t<\/div>\n\t\t<\/div>\n\n\t<\/div>\n\n<\/div><div class=\"modula-item effect-pufrobo\" >\n\t<div class=\"modula-item-overlay\"><\/div>\n\n\t<div class=\"modula-item-content\">\n\n\t\t<a data-image-id=\"189\" role=\"button\" tabindex=\"0\" rel=\"jtg-249\" data-caption=\"\" aria-label=\"Otw\u00f3rz obrazek w lightboxie\" class=\"tile-inner modula-item-link\"><\/a><img loading=\"lazy\" decoding=\"async\" class=\"pic wp-image-189\"  data-valign=\"middle\" data-halign=\"center\" alt=\"\" data-full=\"https:\/\/nowakamienica11.pl\/wp-content\/uploads\/2025\/01\/IMG_3034.jpg\" title=\"IMG_3034\" crop=\"\" width=\"1024\" height=\"768\" src=\"https:\/\/nowakamienica11.pl\/wp-content\/uploads\/2025\/01\/IMG_3034-1024x768.jpg\" data-src=\"https:\/\/nowakamienica11.pl\/wp-content\/uploads\/2025\/01\/IMG_3034-1024x768.jpg\" data-caption=\"\" srcset=\"https:\/\/nowakamienica11.pl\/wp-content\/uploads\/2025\/01\/IMG_3034.jpg 2016w, https:\/\/nowakamienica11.pl\/wp-content\/uploads\/2025\/01\/IMG_3034-300x225.jpg 300w, https:\/\/nowakamienica11.pl\/wp-content\/uploads\/2025\/01\/IMG_3034-1024x768.jpg 1024w, https:\/\/nowakamienica11.pl\/wp-content\/uploads\/2025\/01\/IMG_3034-768x576.jpg 768w, https:\/\/nowakamienica11.pl\/wp-content\/uploads\/2025\/01\/IMG_3034-1536x1152.jpg 1536w\" sizes=\"auto, (max-width: 1024px) 100vw, 1024px\" \/>\n\t\t<div class=\"figc no-description\">\n\t\t\t<div class=\"figc-inner\">\n\t\t\t\t\t\t\t\t\t\t\t\t\t\t\t<\/div>\n\t\t<\/div>\n\n\t<\/div>\n\n<\/div>\t\t\n\t<\/div>\n\n\t\n\t\n\t<script type=\"application\/ld+json\">\n\t{\n\t\t\"@context\": \"http:\/\/schema.org\",\n\t\t\"@type\"   : \"ImageGallery\",\n\t\t\"id\"      : \"https:\/\/nowakamienica11.pl\/index.php\/dom-2\/\",\n\t\t\"url\"     : \"https:\/\/nowakamienica11.pl\/index.php\/dom-2\/\"\n\t}\n\n\t<\/script>\n\n\t\n<\/div>\n","protected":false},"excerpt":{"rendered":"<p>Dom go\u015bcinny na Pog\u00f3rzu Izerskim Zapraszamy Ci\u0119 do naszego miejsca na ziemi. Znajdziesz tu cisz\u0119, odetchniesz od miasta, poczytasz wreszcie ksi\u0105\u017ck\u0119, pospacerujesz po lesie, przysi\u0105dziesz w cieniu drzew naszego sadu\u2026<\/p>\n","protected":false},"author":1,"featured_media":0,"parent":0,"menu_order":0,"comment_status":"closed","ping_status":"closed","template":"","meta":{"footnotes":""},"class_list":["post-135","page","type-page","status-publish","hentry"],"_links":{"self":[{"href":"https:\/\/nowakamienica11.pl\/index.php\/wp-json\/wp\/v2\/pages\/135","targetHints":{"allow":["GET"]}}],"collection":[{"href":"https:\/\/nowakamienica11.pl\/index.php\/wp-json\/wp\/v2\/pages"}],"about":[{"href":"https:\/\/nowakamienica11.pl\/index.php\/wp-json\/wp\/v2\/types\/page"}],"author":[{"embeddable":true,"href":"https:\/\/nowakamienica11.pl\/index.php\/wp-json\/wp\/v2\/users\/1"}],"replies":[{"embeddable":true,"href":"https:\/\/nowakamienica11.pl\/index.php\/wp-json\/wp\/v2\/comments?post=135"}],"version-history":[{"count":10,"href":"https:\/\/nowakamienica11.pl\/index.php\/wp-json\/wp\/v2\/pages\/135\/revisions"}],"predecessor-version":[{"id":270,"href":"https:\/\/nowakamienica11.pl\/index.php\/wp-json\/wp\/v2\/pages\/135\/revisions\/270"}],"wp:attachment":[{"href":"https:\/\/nowakamienica11.pl\/index.php\/wp-json\/wp\/v2\/media?parent=135"}],"curies":[{"name":"wp","href":"https:\/\/api.w.org\/{rel}","templated":true}]}}